 of -x**4/8 - x**3/3 - 7*x**2. Give a(-2).
4
Let p = 7 - 7. Let d(g) = -2 + p*g - 5*g**3 + 3 - g. Suppose 0 = -m - a, a = 4*m - 4*a - 9. Give d(m).
-5
Let j(q) = 2*q**3 + 5*q**2 + 13*q - 10. Let c(n) = n**3 + 3*n**2 + 6*n - 5. Let l = 18 + -13. Let u(x) = l*c(x) - 2*j(x). Calculate u(-4).
-5
Suppose n + 6 = 3. Let i = n + 3. Let g(j) = -j**2 - j + 3. What is g(i)?
3
Let w(r) = 7 - 2*r + 0*r + 0*r - r. Let f(k) = 70*k - 91. Let c(z) = 7*z - 9. Let y(b) = -49*c(b) + 5*f(b). Let n(a) = -13*w(a) - 6*y(a). Calculate n(-5).
8
Let n be 20/(-4)*(-4)/10. Suppose -2*h - 2*b = 0, 0 = 3*h - 2*b + 7 - 22. Let q(f) = h*f - 3*f**3 - 2*f**2 - 2*f + 4*f**3. What is q(n)?
2
Let m(l) = l**3 + 9*l**2 - 5. Let w be m(-9). Suppose -4*h - 12 = -5*g, g - 6 = -h + 3*h. Let k(n) = -5*n**2 + 1 + g*n**2 - 3 - n**3. What is k(w)?
-2
Let b(r) be the first derivative of -r**5/60 - r**4/24 + r**3/3 - 2*r**2 + 4. Let y(u) be the second derivative of b(u). Calculate y(-2).
0
Let v(l) = -l - 5*l + 2*l - 4*l. Let d(s) = -4 + 1 - s + 3. Let t(q) = -4*d(q) + v(q). What is t(-2)?
8
Let h(i) = 8 - 8 - 5*i + i. Determine h(-3).
12
Let u(c) = -2 + c**2 - 2*c**2 + 11*c - 3*c - 2. Give u(8).
-4
Let j(k) = 95*k**2 + 3*k - 47*k**2 - 47*k**2. Suppose -39 = -4*n + 3*r, -2*r = -4*n - 5*r + 9. Suppose -p - n = p. What is j(p)?
0
Let a(h) = 20*h**3 + 10*h**3 - 39*h**3 + 1 - h**2. Determine a(1).
-9
Let g be 30/(-3) - -3 - -2. Let v(t) = -t**3 - 4*t**2 + 6*t + 1. Determine v(g).
-4
Let k(h) = -3*h - 2. Let q(o) = o**2 + 6*o - 3. Suppose 0 = 4*y + 5*w + 44, -y + w = -2*y - 10. Let c be q(y). Calculate k(c).
7
Let z(u) be the second derivative of u**6/144 - 5*u**4/12 - 5*u. Let y(i) be the third derivative of z(i). Determine y(2).
10
Let h(i) = -i - 7. Let r(l) = -l - 15. Let w be r(-10). Give h(w).
-2
Let m be 1 + -2 + 2 + -1. Let j(o) = m - o - 4 + 0. Calculate j(3).
-7
Let d(m) = -m**3 + 2*m**2 + 2*m - 3. Let f = 62 - 60. Calculate d(f).
1
Let s(g) be the first derivative of g**2 + 6*g + 15. What is s(-5)?
-4
Let o(a) = a**2 - 5*a + 7. Suppose 15 = -5*q + 45. What is o(q)?
13
Let i = -3 + 5. Suppose -v = i*v + y - 9, 0 = -v - y + 5. Let w(x) = x**2 - 2*x - 1. Determine w(v).
-1
Let r(x) = -x**2 + 0*x**2 + 3 - 753*x + 755*x. Determine r(4).
-5
Let o(k) = 5*k**3 + 16*k**2 - 21*k - 16. Let b(d) = -d**3 - 4*d**2 + 5*d + 4. Let s(q) = 9*b(q) + 2*o(q). Suppose 4*p + 11 - 23 = 3*t, 0 = -4*t. Determine s(p).
4
Let y = 23 + -13. Suppose -3*c - 2*c = -5*r + y, 2*r - 7 = -c. Let g(t) = -3*t**2 + 2*t**2 - 6 + 4*t + 4. Determine g(r).
1
Let l be 8*1 - (-5)/(25/(-20)). Let x(t) = t**3 - 2*t**2 - 5*t - 3. Give x(l).
9
Suppose 8 = -2*o + 4*o. Let g(x) = -2*x**2 + 11*x + 3. Let u(n) = n + 3. Let b be u(-6). Let p(s) = s**2 - 6*s - 2. Let c(r) = b*g(r) - 5*p(r). Calculate c(o).
5
Let d(f) = -f**2. Let v(t) = 6*t - 2. Let q be v(3). Let w = -13 + q. Determine d(w).
-9
Let y(k) = -k**2 - 11*k - 14. Let s be y(-10). Let p = s - -8. Let o(t) = -2 - 3 + 2*t + 0*t**2 - 4*t + t**2. Determine o(p).
3
Let y(s) = 21*s**3 - 38*s**3 + 8*s - 9*s**2 + 18*s**3 + 3. Calculate y(8).
3
Let j(c) = c**3 - c - 1. Let r(q) = 7*q**3 - 4*q**2 - 13*q - 3. Let a(z) = 6*j(z) - r(z). Determine a(5).
7
Let f be (2 - (-24)/(-10))*10. Let u be (-4)/5*30/f. Let h(p) = p**2 + 7*p - 7. Let k(g) = g**2 + 8*g - 8. Let v(j) = u*k(j) - 7*h(j). Determine v(-2).
-1
Let f(i) be the first derivative of -i**4/2 - i**2 - 2*i - 15. Determine f(-2).
18
Let h(g) = g**2 - 12*g + 22. Let c be h(10). Let n(r) = 5*r**2 - 3*r - 2. Let z(v) = 6*v**2 - 3*v - 2. Let t(y) = -5*n(y) + 4*z(y). Determine t(c).
4
Let l(b) = -3*b - 3. Let g be l(-2). Let a = g + -3. Let n(d) be the second derivative of d**4/12 + d**3/6 - 4*d**2 + d. Calculate n(a).
-8
Let f(k) = -k - 3. Let y be f(-8). Suppose 4*g + 3 + y = 0. Let v(r) = -1. Let i(u) = 5*u - 3. Let t(d) = i(d) - 5*v(d). Calculate t(g).
-8
Suppose 0 = -5*a - r + 32 + 6, 4*r = -3*a + 33. Let q(y) = a*y - 3 - y - 4*y. Calculate q(5).
7
Let d(v) = -v**2 - 5*v - 1. Let j be 5*1*24/(-20). Calculate d(j).
-7
Let f = 3 + -8. Let d(b) = b + 4. Let o be d(-4). Let r(c) = -5 - c - 2*c + o*c. What is r(f)?
10
Let i(f) = -f**2 - 6*f + 8. Let d be i(-8). Let z(m) = m + 12. Calculate z(d).
4
Let m(g) = g**3 + 4*g**2 - 7*g - 6. Let v(y) = y**2 + y + 5. Let t be v(0). Suppose -9 = -t*w - 34. Calculate m(w).
4
Let s be -1*3*(-15 + 16). Let p(m) = -m**3 - 4*m**2 - 5*m - 3. Calculate p(s).
3
Let d(v) = 1 + 5*v**2 - 4*v**2 - 6*v + 2 + 0. What is d(6)?
3
Let h(j) = -8*j**2 + 1. Let u = 64 - 65. What is h(u)?
-7
Let c(i) = -i + 5*i**3 - 5*i**3 + 7*i**3 - 1 - 8*i**3. Calculate c(-2).
9
Let m(r) = 24*r + 9. Let v(w) = -13*w - 5. Let p(z) = 6*m(z) + 11*v(z). Calculate p(4).
3
Suppose 0 = -z + 3 - 1. Let g(v) = -v - 2*v + 2*v**2 - z + 6*v. Determine g(-3).
7
Let a(b) = -b**2 - 2*b - 1. Let y be a(-1). Let h(x) = -x**2 - x - 14. What is h(y)?
-14
Let h be 5 + 1/(1/1). Suppose -c + h*c = -35. Let o(x) = x**3 + 7*x**2 + x + 7. Let y be o(c). Let r(q) = -q + 6. Give r(y).
6
Suppose -h = 2*o + 11, h + 35 = -5*o - 4*h. Let a(v) be the second derivative of -v**4/12 - 2*v**3/3 - 3*v**2 - 3*v. Determine a(o).
-6
Let z(g) = 2*g**2 - 5*g - 3. Let v be 0 - (-5 - (-1)/1). Determine z(v).
9
Let n be (2/5)/((-2)/20). Let y(z) = -z**3 - 5*z**2 - 4*z - 2. Determine y(n).
-2
Suppose -14 = -3*s + 1. Let b(x) = -x + 4. Let m(i) = i - 4. Let f(q) = 7*b(q) + 6*m(q). Calculate f(s).
-1
Let p(n) = n**2 - 2*n - 1. Suppose -2*t - 4 = 0, -t = -4*s + s + 11. Determine p(s).
2
Let h(v) = -4*v**3 + v**2 + v - 1. Let b(k) = k**3 + 10*k**2 + 8*k - 8. Let r be b(-9). Give h(r).
-3
Let o = -15 + 18. Let y(v) = -v - 2. Suppose 7*t + 27 = 3*t - d, 3*t - 2*d + 12 = 0. Let m(w) = -1. Let b(k) = t*m(k) + y(k). Determine b(o).
1
Suppose 3*s = 4*z - 11, -8 = -s - 5*z + 1. Let q(l) = 5*l + 1. Calculate q(s).
-4
Suppose 2*u - 2*n - 16 = 0, -2*u + 0*n + 4*n + 26 = 0. Suppose u = d - 1. Let a(i) = -i + 7. Calculate a(d).
3
Let n(r) = -5*r**2 + 0*r**2 - 312*r**3 + 311*r**3 + 2 + 0*r**2 - r. What is n(-5)?
7
Let k(j) be the third derivative of -j**7/2520 + j**6/240 + j**5/60 + j**4/6 - j**2. Let l(y) be the second derivative of k(y). Determine l(4).
-2
Let b(k) = -k**3 - 5*k**2 + 1. Let s = -8 + 10. Let j(i) = -8*i - 1. Let w be j(-2). Suppose s*n + w = -n. What is b(n)?
1
Let d(q) = -16*q**3 + q**2 + 2*q + 1. Suppose 1 = 7*x + 8. Calculate d(x).
16
Let s(p) = 6*p + 1. Let n(t) = -3 - 4*t - 7 + 14*t - t**2. Let o be n(9). Let g be 0 + 0 + (o - 1). Determine s(g).
-11
Let h(l) be the second derivative of l**5/20 - l**4/3 - 50*l + 1. What is h(3)?
-9
Suppose -a = 0, -3*n + 5 = -2*n - 3*a. Suppose -5*r - i + 15 = 0, -n + 0 = i. Let p(z) = 0*z**2 - z + z**2 - 1 + 0*z + r*z. Give p(-4).
3
Let t = 7 - 2. Let n(j) be the first derivative of j**4/4 - 4*j**3/3 - 3*j**2 + j + 2. Give n(t).
-4
Suppose -2*g - 1 = 5*m - 2, 2 = -2*m - 2*g. Let h(p) = 7*p + 1. Calculate h(m).
8
Let i(m) = m**3 - 4*m**2 - 2*m + 1. Suppose 9*n - 10*n = -3. Determine i(n).
-14
Let f be (-7)/4*(-6 + 2). Let t(c) = c**3 + f*c**2 + 7*c + 9 - 10 + 4. Determine t(-6).
-3
Let c(l) = -7 + 17*l - 41*l + 9*l + 14*l. Calculate c(-3).
-4
Let t(o) be the third derivative of o**6/120 + o**5/15 + o**3/3 + o**2. Let a be t(-4). Let x(n) = -2*n + 5 - 2 + 0*n**2 + n**3 + 2*n**2 - n**2. Give x(a).
11
Let t(p) be the third derivative of p**5/20 + p**4/24 + 40*p**2. Determine t(-2).
10
Let c be 20*(6/(-15))/(-1). Let w(g) = -2*g + 8. Give w(c).
-8
Let a(s) = -s - s - 3 - 3*s - s - s**2. Let t = -3 + 3. Let d be (-5)/2*(2 + t). What is a(d)?
2
Suppose 0*z = z. Let v(a) = -a**3 + a**2 + a + 15. Determine v(z).
15
Let y(j) = -11*j + 7. Let p(w) = -21*w + 13. Let v(u) = -4*p(u) + 7*y(u). Determine v(2).
11
Let a = -235 - -230. Let y(v) be the first derivative of -2*v**3 - 1/4*v**4 - 2*v**2 - 1 - v. Determine y(a).
-6
Let d(a) = -a**2 - 10*a - 8. Suppose -5*h + 0*h - 45 = 0. Let t be d(h). Let s(f) = -6*f**2 + 2*f - 1. Calculate s(t).
-5
Let j(f) = -f**2 - 5*f. Let x be j(-5). Let w(k) = x*k - k + 5*k - 4. Calculate w(3).
8
Let z(x) = 3*x**2 - 3*x - 6. Let a(q) = -q - q**2 + 0*q - 34 + 33. Let d(m) = 2*a(m) + z(m). Give d(6).
-2
Let p(f) be the third derivative of -f**4/24 - f**3/2 + 22*f**2. Calculate p(7).
-10
Let g(f) = -f**3 - 7*f**2 - 6*f - 3